{"id":6,"date":"2021-09-19T11:29:15","date_gmt":"2021-09-19T11:29:15","guid":{"rendered":"https:\/\/equilibris-vitae.be\/?page_id=6"},"modified":"2022-02-09T07:14:18","modified_gmt":"2022-02-09T07:14:18","slug":"accueil","status":"publish","type":"page","link":"https:\/\/equilibris-vitae.be\/","title":{"rendered":"Accueil"},"content":{"rendered":"\n<p><\/p>\n\n\n\n<figure class=\"wp-block-image alignfull size-large\"><img loading=\"lazy\" decoding=\"async\" width=\"1024\" height=\"484\" src=\"https:\/\/equilibris-vitae.be\/wp-content\/uploads\/2021\/09\/bandeau4-fauteuils-1024x484.jpg\" alt=\"centre equilibris vitae\" class=\"wp-image-298\" srcset=\"https:\/\/equilibris-vitae.be\/wp-content\/uploads\/2021\/09\/bandeau4-fauteuils-1024x484.jpg 1024w, https:\/\/equilibris-vitae.be\/wp-content\/uploads\/2021\/09\/bandeau4-fauteuils-300x142.jpg 300w, https:\/\/equilibris-vitae.be\/wp-content\/uploads\/2021\/09\/bandeau4-fauteuils-768x363.jpg 768w, https:\/\/equilibris-vitae.be\/wp-content\/uploads\/2021\/09\/bandeau4-fauteuils.jpg 1264w\" sizes=\"auto, (max-width: 1024px) 100vw, 1024px\" \/><\/figure>\n\n\n\n<div style=\"height:100px\" aria-hidden=\"true\" class=\"wp-block-spacer\"><\/div>\n\n\n\n<p class=\"has-text-align-center has-medium-font-size\"><mark style=\"background-color:rgba(0, 0, 0, 0);color:#005063\" class=\"has-inline-color\"><strong>Le Centre <\/strong><\/mark><mark style=\"background-color:rgba(0, 0, 0, 0);color:#8c612a\" class=\"has-inline-color\"><strong>Equilibris Vitae<\/strong><\/mark><mark style=\"background-color:rgba(0, 0, 0, 0);color:#005063\" class=\"has-inline-color\"><strong> est un centre qui regroupe en un seul endroit les diff\u00e9rentes \u00a0disciplines orient\u00e9es sur le bien-\u00eatre.<br>Il s\u2019agit de prendre en charge de mani\u00e8re globale vos attentes en mati\u00e8re de bien-\u00eatre, d\u2019alimentation et d\u2019activit\u00e9 physique.<\/strong><\/mark><\/p>\n\n\n\n<div style=\"height:100px\" aria-hidden=\"true\" class=\"wp-block-spacer\"><\/div>\n\n\n\n<div class=\"wp-block-columns alignwide is-layout-flex wp-container-core-columns-is-layout-9d6595d7 wp-block-columns-is-layout-flex\">\n<div class=\"wp-block-column is-layout-flow wp-block-column-is-layout-flow\" style=\"flex-basis:100%\">\n<div class=\"wp-block-columns alignwide is-layout-flex wp-container-core-columns-is-layout-9d6595d7 wp-block-columns-is-layout-flex\">\n<div class=\"wp-block-column is-layout-flow wp-block-column-is-layout-flow\">\n<div class=\"wp-block-image\"><figure class=\"aligncenter size-full\"><img loading=\"lazy\" decoding=\"async\" width=\"200\" height=\"200\" src=\"https:\/\/equilibris-vitae.be\/wp-content\/uploads\/2021\/10\/cahier2-1.png\" alt=\"\" class=\"wp-image-404\" srcset=\"https:\/\/equilibris-vitae.be\/wp-content\/uploads\/2021\/10\/cahier2-1.png 200w, https:\/\/equilibris-vitae.be\/wp-content\/uploads\/2021\/10\/cahier2-1-150x150.png 150w\" sizes=\"auto, (max-width: 200px) 100vw, 200px\" \/><\/figure><\/div>\n\n\n\n<p class=\"has-text-align-center has-medium-font-size\"><mark style=\"background-color:rgba(0, 0, 0, 0);color:#c4770f\" class=\"has-inline-color\"><strong>ACCOMPAGNEMENT INDIVIDUEL<\/strong><\/mark><\/p>\n\n\n\n<p class=\"has-text-align-center has-medium-font-size\"><mark style=\"background-color:rgba(0, 0, 0, 0);color:#009cb4\" class=\"has-inline-color\"><strong>Un objectif physique et\/ou de sant\u00e9 ? <\/strong><\/mark><\/p>\n\n\n\n<div class=\"wp-block-buttons is-horizontal is-content-justification-center is-layout-flex wp-container-core-buttons-is-layout-499968f5 wp-block-buttons-is-layout-flex\">\n<div class=\"wp-block-button\"><a class=\"wp-block-button__link\" href=\"https:\/\/equilibris-vitae.be\/?page_id=100\">D\u00e9couvrez<\/a><\/div>\n<\/div>\n\n\n\n<p><\/p>\n<\/div>\n\n\n\n<div class=\"wp-block-column is-layout-flow wp-block-column-is-layout-flow\">\n<div class=\"wp-block-image\"><figure class=\"aligncenter size-full\"><img loading=\"lazy\" decoding=\"async\" width=\"200\" height=\"200\" src=\"https:\/\/equilibris-vitae.be\/wp-content\/uploads\/2021\/10\/chrono2-1.png\" alt=\"\" class=\"wp-image-403\" srcset=\"https:\/\/equilibris-vitae.be\/wp-content\/uploads\/2021\/10\/chrono2-1.png 200w, https:\/\/equilibris-vitae.be\/wp-content\/uploads\/2021\/10\/chrono2-1-150x150.png 150w\" sizes=\"auto, (max-width: 200px) 100vw, 200px\" \/><\/figure><\/div>\n\n\n\n<p class=\"has-text-align-center has-medium-font-size\"><strong><span style=\"color:#c4770f\" class=\"has-inline-color\">ATELIERS<\/span><\/strong><\/p>\n\n\n\n<p class=\"has-text-align-center has-medium-font-size\"><mark style=\"background-color:rgba(0, 0, 0, 0);color:#009cb4\" class=\"has-inline-color\"><strong>Envie d&rsquo;un nouveau moi ?<\/strong><\/mark><\/p>\n\n\n\n<div class=\"wp-block-buttons is-horizontal is-content-justification-center is-layout-flex wp-container-core-buttons-is-layout-499968f5 wp-block-buttons-is-layout-flex\">\n<div class=\"wp-block-button\"><a class=\"wp-block-button__link\" href=\"https:\/\/equilibris-vitae.be\/?page_id=76\">D\u00e9couvrez<\/a><\/div>\n<\/div>\n\n\n\n<p><\/p>\n<\/div>\n<\/div>\n<\/div>\n<\/div>\n\n\n\n<div style=\"height:100px\" aria-hidden=\"true\" class=\"wp-block-spacer\"><\/div>\n\n\n\n<figure class=\"wp-block-video alignfull\"><video height=\"828\" style=\"aspect-ratio: 1792 \/ 828;\" width=\"1792\" autoplay controls loop src=\"https:\/\/equilibris-vitae.be\/wp-content\/uploads\/2021\/10\/video-course-a-pieds_x264.mp4\"><\/video><\/figure>\n","protected":false},"excerpt":{"rendered":"<p>Le Centre Equilibris Vitae est un centre qui regroupe en un seul endroit les diff\u00e9rentes \u00a0disciplines orient\u00e9es sur le bien-\u00eatre.Il s\u2019agit de prendre en charge de mani\u00e8re globale vos attentes en mati\u00e8re de bien-\u00eatre, d\u2019alimentation et d\u2019activit\u00e9 physique. ACCOMPAGNEMENT INDIVIDUEL Un objectif physique et\/ou de sant\u00e9 ? ATELIERS Envie d&rsquo;un nouveau moi ?<\/p>\n","protected":false},"author":1,"featured_media":0,"parent":0,"menu_order":0,"comment_status":"closed","ping_status":"closed","template":"","meta":{"footnotes":""},"class_list":["post-6","page","type-page","status-publish","hentry"],"yoast_head":"<!-- This site is optimized with the Yoast SEO plugin v20.10 - https:\/\/yoast.com\/wordpress\/plugins\/seo\/ -->\n<title>Accueil - Equilibris-Vitae<\/title>\n<meta name=\"description\" content=\"Bien \u00eatre , alimentation, nutrition, \u00e9quilibrage alimentaire, accompagnement, s\u00e9r\u00e9nit\u00e9, sportif, activit\u00e9s physiques, reprise en main\" \/>\n<meta name=\"robots\" content=\"index, follow, max-snippet:-1, max-image-preview:large, max-video-preview:-1\" \/>\n<link rel=\"canonical\" href=\"https:\/\/equilibris-vitae.be\/\" \/>\n<meta property=\"og:locale\" content=\"fr_FR\" \/>\n<meta property=\"og:type\" content=\"article\" \/>\n<meta property=\"og:title\" content=\"Accueil - Equilibris-Vitae\" \/>\n<meta property=\"og:description\" content=\"Bien \u00eatre , alimentation, nutrition, \u00e9quilibrage alimentaire, accompagnement, s\u00e9r\u00e9nit\u00e9, sportif, activit\u00e9s physiques, reprise en main\" \/>\n<meta property=\"og:url\" content=\"https:\/\/equilibris-vitae.be\/\" \/>\n<meta property=\"og:site_name\" content=\"Equilibris-Vitae\" \/>\n<meta property=\"article:modified_time\" content=\"2022-02-09T07:14:18+00:00\" \/>\n<meta property=\"og:image\" content=\"https:\/\/equilibris-vitae.be\/wp-content\/uploads\/2021\/09\/bandeau4-fauteuils-1024x484.jpg\" \/>\n<meta name=\"twitter:card\" content=\"summary_large_image\" \/>\n<meta name=\"twitter:label1\" content=\"Dur\u00e9e de lecture estim\u00e9e\" \/>\n\t<meta name=\"twitter:data1\" content=\"1 minute\" \/>\n<script type=\"application\/ld+json\" class=\"yoast-schema-graph\">{\"@context\":\"https:\/\/schema.org\",\"@graph\":[{\"@type\":\"WebPage\",\"@id\":\"https:\/\/equilibris-vitae.be\/\",\"url\":\"https:\/\/equilibris-vitae.be\/\",\"name\":\"Accueil - Equilibris-Vitae\",\"isPartOf\":{\"@id\":\"https:\/\/equilibris-vitae.be\/#website\"},\"datePublished\":\"2021-09-19T11:29:15+00:00\",\"dateModified\":\"2022-02-09T07:14:18+00:00\",\"description\":\"Bien \u00eatre , alimentation, nutrition, \u00e9quilibrage alimentaire, accompagnement, s\u00e9r\u00e9nit\u00e9, sportif, activit\u00e9s physiques, reprise en main\",\"breadcrumb\":{\"@id\":\"https:\/\/equilibris-vitae.be\/#breadcrumb\"},\"inLanguage\":\"fr-FR\",\"potentialAction\":[{\"@type\":\"ReadAction\",\"target\":[\"https:\/\/equilibris-vitae.be\/\"]}]},{\"@type\":\"BreadcrumbList\",\"@id\":\"https:\/\/equilibris-vitae.be\/#breadcrumb\",\"itemListElement\":[{\"@type\":\"ListItem\",\"position\":1,\"name\":\"Accueil\",\"item\":\"https:\/\/equilibris-vitae.be\/\"},{\"@type\":\"ListItem\",\"position\":2,\"name\":\"Accueil\"}]},{\"@type\":\"WebSite\",\"@id\":\"https:\/\/equilibris-vitae.be\/#website\",\"url\":\"https:\/\/equilibris-vitae.be\/\",\"name\":\"Equilibris-Vitae\",\"description\":\"\",\"publisher\":{\"@id\":\"https:\/\/equilibris-vitae.be\/#organization\"},\"potentialAction\":[{\"@type\":\"SearchAction\",\"target\":{\"@type\":\"EntryPoint\",\"urlTemplate\":\"https:\/\/equilibris-vitae.be\/?s={search_term_string}\"},\"query-input\":\"required name=search_term_string\"}],\"inLanguage\":\"fr-FR\"},{\"@type\":\"Organization\",\"@id\":\"https:\/\/equilibris-vitae.be\/#organization\",\"name\":\"Equilibris-Vitae\",\"url\":\"https:\/\/equilibris-vitae.be\/\",\"logo\":{\"@type\":\"ImageObject\",\"inLanguage\":\"fr-FR\",\"@id\":\"https:\/\/equilibris-vitae.be\/#\/schema\/logo\/image\/\",\"url\":\"https:\/\/equilibris-vitae.be\/wp-content\/uploads\/2021\/09\/cropped-logo-ptt-1.png\",\"contentUrl\":\"https:\/\/equilibris-vitae.be\/wp-content\/uploads\/2021\/09\/cropped-logo-ptt-1.png\",\"width\":200,\"height\":200,\"caption\":\"Equilibris-Vitae\"},\"image\":{\"@id\":\"https:\/\/equilibris-vitae.be\/#\/schema\/logo\/image\/\"}}]}<\/script>\n<!-- \/ Yoast SEO plugin. -->","yoast_head_json":{"title":"Accueil - Equilibris-Vitae","description":"Bien \u00eatre , alimentation, nutrition, \u00e9quilibrage alimentaire, accompagnement, s\u00e9r\u00e9nit\u00e9, sportif, activit\u00e9s physiques, reprise en main","robots":{"index":"index","follow":"follow","max-snippet":"max-snippet:-1","max-image-preview":"max-image-preview:large","max-video-preview":"max-video-preview:-1"},"canonical":"https:\/\/equilibris-vitae.be\/","og_locale":"fr_FR","og_type":"article","og_title":"Accueil - Equilibris-Vitae","og_description":"Bien \u00eatre , alimentation, nutrition, \u00e9quilibrage alimentaire, accompagnement, s\u00e9r\u00e9nit\u00e9, sportif, activit\u00e9s physiques, reprise en main","og_url":"https:\/\/equilibris-vitae.be\/","og_site_name":"Equilibris-Vitae","article_modified_time":"2022-02-09T07:14:18+00:00","og_image":[{"url":"https:\/\/equilibris-vitae.be\/wp-content\/uploads\/2021\/09\/bandeau4-fauteuils-1024x484.jpg"}],"twitter_card":"summary_large_image","twitter_misc":{"Dur\u00e9e de lecture estim\u00e9e":"1 minute"},"schema":{"@context":"https:\/\/schema.org","@graph":[{"@type":"WebPage","@id":"https:\/\/equilibris-vitae.be\/","url":"https:\/\/equilibris-vitae.be\/","name":"Accueil - Equilibris-Vitae","isPartOf":{"@id":"https:\/\/equilibris-vitae.be\/#website"},"datePublished":"2021-09-19T11:29:15+00:00","dateModified":"2022-02-09T07:14:18+00:00","description":"Bien \u00eatre , alimentation, nutrition, \u00e9quilibrage alimentaire, accompagnement, s\u00e9r\u00e9nit\u00e9, sportif, activit\u00e9s physiques, reprise en main","breadcrumb":{"@id":"https:\/\/equilibris-vitae.be\/#breadcrumb"},"inLanguage":"fr-FR","potentialAction":[{"@type":"ReadAction","target":["https:\/\/equilibris-vitae.be\/"]}]},{"@type":"BreadcrumbList","@id":"https:\/\/equilibris-vitae.be\/#breadcrumb","itemListElement":[{"@type":"ListItem","position":1,"name":"Accueil","item":"https:\/\/equilibris-vitae.be\/"},{"@type":"ListItem","position":2,"name":"Accueil"}]},{"@type":"WebSite","@id":"https:\/\/equilibris-vitae.be\/#website","url":"https:\/\/equilibris-vitae.be\/","name":"Equilibris-Vitae","description":"","publisher":{"@id":"https:\/\/equilibris-vitae.be\/#organization"},"potentialAction":[{"@type":"SearchAction","target":{"@type":"EntryPoint","urlTemplate":"https:\/\/equilibris-vitae.be\/?s={search_term_string}"},"query-input":"required name=search_term_string"}],"inLanguage":"fr-FR"},{"@type":"Organization","@id":"https:\/\/equilibris-vitae.be\/#organization","name":"Equilibris-Vitae","url":"https:\/\/equilibris-vitae.be\/","logo":{"@type":"ImageObject","inLanguage":"fr-FR","@id":"https:\/\/equilibris-vitae.be\/#\/schema\/logo\/image\/","url":"https:\/\/equilibris-vitae.be\/wp-content\/uploads\/2021\/09\/cropped-logo-ptt-1.png","contentUrl":"https:\/\/equilibris-vitae.be\/wp-content\/uploads\/2021\/09\/cropped-logo-ptt-1.png","width":200,"height":200,"caption":"Equilibris-Vitae"},"image":{"@id":"https:\/\/equilibris-vitae.be\/#\/schema\/logo\/image\/"}}]}},"_links":{"self":[{"href":"https:\/\/equilibris-vitae.be\/index.php?rest_route=\/wp\/v2\/pages\/6","targetHints":{"allow":["GET"]}}],"collection":[{"href":"https:\/\/equilibris-vitae.be\/index.php?rest_route=\/wp\/v2\/pages"}],"about":[{"href":"https:\/\/equilibris-vitae.be\/index.php?rest_route=\/wp\/v2\/types\/page"}],"author":[{"embeddable":true,"href":"https:\/\/equilibris-vitae.be\/index.php?rest_route=\/wp\/v2\/users\/1"}],"replies":[{"embeddable":true,"href":"https:\/\/equilibris-vitae.be\/index.php?rest_route=%2Fwp%2Fv2%2Fcomments&post=6"}],"version-history":[{"count":54,"href":"https:\/\/equilibris-vitae.be\/index.php?rest_route=\/wp\/v2\/pages\/6\/revisions"}],"predecessor-version":[{"id":1014,"href":"https:\/\/equilibris-vitae.be\/index.php?rest_route=\/wp\/v2\/pages\/6\/revisions\/1014"}],"wp:attachment":[{"href":"https:\/\/equilibris-vitae.be\/index.php?rest_route=%2Fwp%2Fv2%2Fmedia&parent=6"}],"curies":[{"name":"wp","href":"https:\/\/api.w.org\/{rel}","templated":true}]}}

<p></p>



<figure class="wp-block-image alignfull size-large"><img loading="lazy" decoding="async" width="1024" height="484" src="https://equilibris-vitae.be/wp-content/uploads/2021/09/bandeau4-fauteuils-1024x484.jpg" alt="centre equilibris vitae" class="wp-image-298" srcset="https://equilibris-vitae.be/wp-content/uploads/2021/09/bandeau4-fauteuils-1024x484.jpg 1024w, https://equilibris-vitae.be/wp-content/uploads/2021/09/bandeau4-fauteuils-300x142.jpg 300w, https://equilibris-vitae.be/wp-content/uploads/2021/09/bandeau4-fauteuils-768x363.jpg 768w, https://equilibris-vitae.be/wp-content/uploads/2021/09/bandeau4-fauteuils.jpg 1264w" sizes="auto, (max-width: 1024px) 100vw, 1024px" /></figure>



<div style="height:100px" aria-hidden="true" class="wp-block-spacer"></div>



<p class="has-text-align-center has-medium-font-size"><mark style="background-color:rgba(0, 0, 0, 0);color:#005063" class="has-inline-color"><strong>Le Centre </strong></mark><mark style="background-color:rgba(0, 0, 0, 0);color:#8c612a" class="has-inline-color"><strong>Equilibris Vitae</strong></mark><mark style="background-color:rgba(0, 0, 0, 0);color:#005063" class="has-inline-color"><strong> est un centre qui regroupe en un seul endroit les différentes  disciplines orientées sur le bien-être.<br>Il s’agit de prendre en charge de manière globale vos attentes en matière de bien-être, d’alimentation et d’activité physique.</strong></mark></p>



<div style="height:100px" aria-hidden="true" class="wp-block-spacer"></div>



<div class="wp-block-columns alignwide is-layout-flex wp-container-core-columns-is-layout-9d6595d7 wp-block-columns-is-layout-flex">
<div class="wp-block-column is-layout-flow wp-block-column-is-layout-flow" style="flex-basis:100%">
<div class="wp-block-columns alignwide is-layout-flex wp-container-core-columns-is-layout-9d6595d7 wp-block-columns-is-layout-flex">
<div class="wp-block-column is-layout-flow wp-block-column-is-layout-flow">
<div class="wp-block-image"><figure class="aligncenter size-full"><img loading="lazy" decoding="async" width="200" height="200" src="https://equilibris-vitae.be/wp-content/uploads/2021/10/cahier2-1.png" alt="" class="wp-image-404" srcset="https://equilibris-vitae.be/wp-content/uploads/2021/10/cahier2-1.png 200w, https://equilibris-vitae.be/wp-content/uploads/2021/10/cahier2-1-150x150.png 150w" sizes="auto, (max-width: 200px) 100vw, 200px" /></figure></div>



<p class="has-text-align-center has-medium-font-size"><mark style="background-color:rgba(0, 0, 0, 0);color:#c4770f" class="has-inline-color"><strong>ACCOMPAGNEMENT INDIVIDUEL</strong></mark></p>



<p class="has-text-align-center has-medium-font-size"><mark style="background-color:rgba(0, 0, 0, 0);color:#009cb4" class="has-inline-color"><strong>Un objectif physique et/ou de santé ? </strong></mark></p>



<div class="wp-block-buttons is-horizontal is-content-justification-center is-layout-flex wp-container-core-buttons-is-layout-499968f5 wp-block-buttons-is-layout-flex">
<div class="wp-block-button"><a class="wp-block-button__link" href="https://equilibris-vitae.be/?page_id=100">Découvrez</a></div>
</div>



<p></p>
</div>



<div class="wp-block-column is-layout-flow wp-block-column-is-layout-flow">
<div class="wp-block-image"><figure class="aligncenter size-full"><img loading="lazy" decoding="async" width="200" height="200" src="https://equilibris-vitae.be/wp-content/uploads/2021/10/chrono2-1.png" alt="" class="wp-image-403" srcset="https://equilibris-vitae.be/wp-content/uploads/2021/10/chrono2-1.png 200w, https://equilibris-vitae.be/wp-content/uploads/2021/10/chrono2-1-150x150.png 150w" sizes="auto, (max-width: 200px) 100vw, 200px" /></figure></div>



<p class="has-text-align-center has-medium-font-size"><strong><span style="color:#c4770f" class="has-inline-color">ATELIERS</span></strong></p>



<p class="has-text-align-center has-medium-font-size"><mark style="background-color:rgba(0, 0, 0, 0);color:#009cb4" class="has-inline-color"><strong>Envie d&rsquo;un nouveau moi ?</strong></mark></p>



<div class="wp-block-buttons is-horizontal is-content-justification-center is-layout-flex wp-container-core-buttons-is-layout-499968f5 wp-block-buttons-is-layout-flex">
<div class="wp-block-button"><a class="wp-block-button__link" href="https://equilibris-vitae.be/?page_id=76">Découvrez</a></div>
</div>



<p></p>
</div>
</div>
</div>
</div>



<div style="height:100px" aria-hidden="true" class="wp-block-spacer"></div>



<figure class="wp-block-video alignfull"><video height="828" style="aspect-ratio: 1792 / 828;" width="1792" autoplay controls loop src="https://equilibris-vitae.be/wp-content/uploads/2021/10/video-course-a-pieds_x264.mp4"></video></figure>

<p>Le Centre Equilibris Vitae est un centre qui regroupe en un seul endroit les différentes  disciplines orientées sur le bien-être.Il s’agit de prendre en charge de manière globale vos attentes en matière de bien-être, d’alimentation et d’activité physique. ACCOMPAGNEMENT INDIVIDUEL Un objectif physique et/ou de santé ? ATELIERS Envie d&rsquo;un nouveau moi ?</p>

<!-- This site is optimized with the Yoast SEO plugin v20.10 - https://yoast.com/wordpress/plugins/seo/ -->
<title>Accueil - Equilibris-Vitae</title>
<meta name="description" content="Bien être , alimentation, nutrition, équilibrage alimentaire, accompagnement, sérénité, sportif, activités physiques, reprise en main" />
<meta name="robots" content="index, follow, max-snippet:-1, max-image-preview:large, max-video-preview:-1" />
<link rel="canonical" href="https://equilibris-vitae.be/" />
<meta property="og:locale" content="fr_FR" />
<meta property="og:type" content="article" />
<meta property="og:title" content="Accueil - Equilibris-Vitae" />
<meta property="og:description" content="Bien être , alimentation, nutrition, équilibrage alimentaire, accompagnement, sérénité, sportif, activités physiques, reprise en main" />
<meta property="og:url" content="https://equilibris-vitae.be/" />
<meta property="og:site_name" content="Equilibris-Vitae" />
<meta property="article:modified_time" content="2022-02-09T07:14:18+00:00" />
<meta property="og:image" content="https://equilibris-vitae.be/wp-content/uploads/2021/09/bandeau4-fauteuils-1024x484.jpg" />
<meta name="twitter:card" content="summary_large_image" />
<meta name="twitter:label1" content="Durée de lecture estimée" />
	<meta name="twitter:data1" content="1 minute" />
<script type="application/ld+json" class="yoast-schema-graph">{"@context":"https://schema.org","@graph":[{"@type":"WebPage","@id":"https://equilibris-vitae.be/","url":"https://equilibris-vitae.be/","name":"Accueil - Equilibris-Vitae","isPartOf":{"@id":"https://equilibris-vitae.be/#website"},"datePublished":"2021-09-19T11:29:15+00:00","dateModified":"2022-02-09T07:14:18+00:00","description":"Bien être , alimentation, nutrition, équilibrage alimentaire, accompagnement, sérénité, sportif, activités physiques, reprise en main","breadcrumb":{"@id":"https://equilibris-vitae.be/#breadcrumb"},"inLanguage":"fr-FR","potentialAction":[{"@type":"ReadAction","target":["https://equilibris-vitae.be/"]}]},{"@type":"BreadcrumbList","@id":"https://equilibris-vitae.be/#breadcrumb","itemListElement":[{"@type":"ListItem","position":1,"name":"Accueil","item":"https://equilibris-vitae.be/"},{"@type":"ListItem","position":2,"name":"Accueil"}]},{"@type":"WebSite","@id":"https://equilibris-vitae.be/#website","url":"https://equilibris-vitae.be/","name":"Equilibris-Vitae","description":"","publisher":{"@id":"https://equilibris-vitae.be/#organization"},"potentialAction":[{"@type":"SearchAction","target":{"@type":"EntryPoint","urlTemplate":"https://equilibris-vitae.be/?s={search_term_string}"},"query-input":"required name=search_term_string"}],"inLanguage":"fr-FR"},{"@type":"Organization","@id":"https://equilibris-vitae.be/#organization","name":"Equilibris-Vitae","url":"https://equilibris-vitae.be/","logo":{"@type":"ImageObject","inLanguage":"fr-FR","@id":"https://equilibris-vitae.be/#/schema/logo/image/","url":"https://equilibris-vitae.be/wp-content/uploads/2021/09/cropped-logo-ptt-1.png","contentUrl":"https://equilibris-vitae.be/wp-content/uploads/2021/09/cropped-logo-ptt-1.png","width":200,"height":200,"caption":"Equilibris-Vitae"},"image":{"@id":"https://equilibris-vitae.be/#/schema/logo/image/"}}]}</script>
<!-- / Yoast SEO plugin. -->

Bien être , alimentation, nutrition, équilibrage alimentaire, accompagnement, sérénité, sportif, activités physiques, reprise en main
