{"id":702,"date":"2021-10-19T12:42:10","date_gmt":"2021-10-19T12:42:10","guid":{"rendered":"https:\/\/equilibris-vitae.be\/?page_id=702"},"modified":"2022-02-09T08:55:10","modified_gmt":"2022-02-09T08:55:10","slug":"priscilla-foureaux","status":"publish","type":"page","link":"https:\/\/equilibris-vitae.be\/?page_id=702","title":{"rendered":"Priscilla Foureaux"},"content":{"rendered":"\n<div class=\"wp-block-columns is-layout-flex wp-container-core-columns-is-layout-9d6595d7 wp-block-columns-is-layout-flex\">\n<div class=\"wp-block-column is-layout-flow wp-block-column-is-layout-flow\" style=\"flex-basis:100%\">\n<div class=\"wp-block-cover alignfull\"><span aria-hidden=\"true\" class=\"has-background-dim-0 wp-block-cover__gradient-background has-background-dim\"><\/span><img loading=\"lazy\" decoding=\"async\" width=\"931\" height=\"378\" class=\"wp-block-cover__image-background wp-image-722\" alt=\"Priscilla Foureaux equilibris vitae\" src=\"https:\/\/equilibris-vitae.be\/wp-content\/uploads\/2021\/10\/bandeau2-fauteuils.jpg\" style=\"object-position:48% 24%\" data-object-fit=\"cover\" data-object-position=\"48% 24%\" srcset=\"https:\/\/equilibris-vitae.be\/wp-content\/uploads\/2021\/10\/bandeau2-fauteuils.jpg 931w, https:\/\/equilibris-vitae.be\/wp-content\/uploads\/2021\/10\/bandeau2-fauteuils-300x122.jpg 300w, https:\/\/equilibris-vitae.be\/wp-content\/uploads\/2021\/10\/bandeau2-fauteuils-768x312.jpg 768w\" sizes=\"auto, (max-width: 931px) 100vw, 931px\" \/><div class=\"wp-block-cover__inner-container is-layout-flow wp-block-cover-is-layout-flow\">\n<p><\/p>\n\n\n\n<p><\/p>\n\n\n\n<p class=\"has-huge-font-size\"><\/p>\n<\/div><\/div>\n<\/div>\n<\/div>\n\n\n\n<h2 class=\"has-text-align-center wp-block-heading\" id=\"priscilla-foureaux\"><mark style=\"background-color:rgba(0, 0, 0, 0);color:#c4770f\" class=\"has-inline-color\">Priscilla Foureaux<\/mark><\/h2>\n\n\n\n<h2 class=\"has-text-align-center has-regular-font-size wp-block-heading\" id=\"coaching-confiance-en-soi-prive-ou-professionnel\"><mark style=\"background-color:rgba(0, 0, 0, 0);color:#009cb4\" class=\"has-inline-color\">coaching confiance en soi, priv\u00e9 ou professionnel\u00a0<\/mark><br><\/h2>\n\n\n\n<div class=\"wp-block-columns is-layout-flex wp-container-core-columns-is-layout-9d6595d7 wp-block-columns-is-layout-flex\">\n<div class=\"wp-block-column is-layout-flow wp-block-column-is-layout-flow\">\n<div class=\"wp-block-image\"><figure class=\"aligncenter size-full is-resized\"><a href=\"https:\/\/www.facebook.com\/CentreEquilibrisVITAE\" target=\"_blank\" rel=\"noopener\"><img loading=\"lazy\" decoding=\"async\" src=\"https:\/\/equilibris-vitae.be\/wp-content\/uploads\/2021\/10\/fb-1.png\" alt=\"\" class=\"wp-image-589\" width=\"50\" height=\"50\" srcset=\"https:\/\/equilibris-vitae.be\/wp-content\/uploads\/2021\/10\/fb-1.png 200w, https:\/\/equilibris-vitae.be\/wp-content\/uploads\/2021\/10\/fb-1-150x150.png 150w\" sizes=\"auto, (max-width: 50px) 100vw, 50px\" \/><\/a><\/figure><\/div>\n\n\n\n<p class=\"has-text-align-center\"><a href=\"https:\/\/www.facebook.com\/CentreEquilibrisVITAE\" target=\"_blank\" rel=\"noreferrer noopener\">Retrouvez moi sur Facebook<\/a><\/p>\n<\/div>\n\n\n\n<div class=\"wp-block-column is-layout-flow wp-block-column-is-layout-flow\">\n<center><a href=\"tel:+32474951246\" <=\"\" a=\"\"><i class=\"fa fa-phone-alt fa-2x \" ><\/i><\/a><\/center>\n\n\n\n<br> <center><a href=\"tel:+32474951246\"> ou contactez moi via le +32474951246<\/a><\/center>\n<\/div>\n<\/div>\n\n\n\n<div style=\"height:19px\" aria-hidden=\"true\" class=\"wp-block-spacer\"><\/div>\n\n\n\n<center><a href=\"https:\/\/equilibris-vitae.be\/?page_id=2\" <=\"\" a=\"\"><input type=\"button\" value=\"JE PRENDS RENDEZ-VOUS\"><\/a><\/center>\n\n\n\n<hr class=\"wp-block-separator has-text-color has-background is-style-wide\" style=\"background-color:#009cb4;color:#009cb4\"\/>\n\n\n\n<div class=\"wp-block-columns is-layout-flex wp-container-core-columns-is-layout-9d6595d7 wp-block-columns-is-layout-flex\">\n<div class=\"wp-block-column is-layout-flow wp-block-column-is-layout-flow\" style=\"padding-top:0px;padding-right:0px;padding-bottom:0px;padding-left:0px;flex-basis:100%\">\n<div class=\"wp-block-group\"><div class=\"wp-block-group__inner-container is-layout-flow wp-block-group-is-layout-flow\">\n<p class=\"has-text-color\" style=\"color:#005063\">Je vous propose un accompagnement afin d&rsquo;explorer avec vous de nouvelles mani\u00e8res de voir les choses, une perception autre, diff\u00e9rentes options pour atteindre vos objectifs.<\/p>\n\n\n\n<p class=\"has-text-color\" style=\"color:#005063\">Vous \u00eates actif dans le processus du coaching, non seulement lors des s\u00e9ances, mais aussi entre elles pour la mise en place d&rsquo;actions.&nbsp;<\/p>\n\n\n\n<ul class=\"has-text-color wp-block-list\" style=\"color:#005063\"><li>D\u00e9veloppement de votre potentiel<\/li><\/ul>\n\n\n\n<ul class=\"has-text-color wp-block-list\" style=\"color:#005063\"><li>Capacit\u00e9 \u00e0 \u00eatre soi et se respecter&nbsp;<\/li><\/ul>\n\n\n\n<ul class=\"has-text-color wp-block-list\" style=\"color:#005063\"><li>Cr\u00e9er votre propre vie&nbsp;<\/li><\/ul>\n\n\n\n<p class=\"has-text-color\" style=\"color:#005063\"><em><strong>Une communication claire et transparente avec soi est indispensable pour conna\u00eetre son v\u00e9ritable<\/strong> \u00ab\u00a0<strong>MOI\u00a0\u00bb et pouvoir acc\u00e9der \u00e0 un \u00e9panouissement global.&nbsp;<\/strong><\/em><\/p>\n\n\n\n<p class=\"has-text-color\" style=\"color:#005063\">Une mission de coaching s&rsquo;effectue sur une p\u00e9riode limit\u00e9e fix\u00e9e \u00e0 l&rsquo;avance.<\/p>\n\n\n\n<p class=\"has-text-color\" style=\"color:#005063\">La dur\u00e9e moyenne d&rsquo;une intervention se situe entre 4 \u00e0 10 s\u00e9ances allant de 1 \u00e0 2 heures chacune. Elles doivent \u00e9galement s&rsquo;espacer d&rsquo;au moins 1 semaine.&nbsp;<\/p>\n\n\n\n<p class=\"has-text-color\" style=\"color:#005063\">Les s\u00e9ances sont cadr\u00e9es avec des objectifs formalis\u00e9s, un contrat, une structure, un d\u00e9but et une fin.<\/p>\n\n\n\n<p><\/p>\n\n\n\n<p class=\"has-text-color\" style=\"color:#005063\"><strong><span style=\"color:#009cb4\" class=\"has-inline-color\">Coaching confiance en soi:<\/span><\/strong><\/p>\n\n\n\n<ul class=\"has-text-color wp-block-list\" style=\"color:#005063\"><li> La relation \u00e0 soi, l&rsquo;estime de soi, les blocages.<\/li><\/ul>\n\n\n\n<ul class=\"has-text-color wp-block-list\" style=\"color:#005063\"><li>La relation aux autres: conflits, probl\u00e8mes relationnels, tensions&nbsp;<\/li><\/ul>\n\n\n\n<ul class=\"has-text-color wp-block-list\" style=\"color:#005063\"><li>La relation au monde: le regard des autres, la perception du monde<\/li><\/ul>\n\n\n\n<p class=\"has-text-color\" style=\"color:#005063\">&nbsp;<\/p>\n\n\n\n<p class=\"has-text-color\" style=\"color:#005063\"><mark style=\"background-color:rgba(0, 0, 0, 0);color:#009cb4\" class=\"has-inline-color\"><strong>Coaching priv\u00e9\/personnel<\/strong>\u00a0<\/mark><\/p>\n\n\n\n<p class=\"has-text-color\" style=\"color:#005063\"><strong>Votre vie, vos choix, vos valeurs :<\/strong><\/p>\n\n\n\n<p class=\"has-text-color\" style=\"color:#005063\">D\u00e9velopper votre propre style de vie, soyez en accord avec vous m\u00eame<\/p>\n\n\n\n<p class=\"has-text-color\" style=\"color:#005063\"><strong>Libert\u00e9 de soi :<\/strong><\/p>\n\n\n\n<p class=\"has-text-color\" style=\"color:#005063\">Gestion du stress, du temps, procrastination&nbsp;<\/p>\n\n\n\n<p><\/p>\n\n\n\n<p><\/p>\n\n\n\n<p><\/p>\n\n\n\n<p><strong><span style=\"color:#009cb4\" class=\"has-inline-color\">Coaching professionnel\/business<\/span><\/strong><\/p>\n\n\n\n<p class=\"has-text-color\" style=\"color:#005063\"><strong>Meilleure posture et plus grande autonomie dans vos prises de d\u00e9cisions<\/strong><\/p>\n\n\n\n<p class=\"has-text-color\" style=\"color:#005063\">Outils &amp; m\u00e9thodes de travail, management, \u00e9quipe&nbsp;<\/p>\n\n\n\n<p class=\"has-text-color\" style=\"color:#005063\"><strong>Facteurs de r\u00e9ussite :<\/strong><\/p>\n\n\n\n<p class=\"has-text-color\" style=\"color:#005063\">D\u00e9termination, rigueur et discipline. La r\u00e9gularit\u00e9 au quotidien.<\/p>\n\n\n\n<p class=\"has-text-color\" style=\"color:#005063\">Respecter et assumer pleinement sa limite, apprendre \u00e0 dire non en toute s\u00e9r\u00e9nit\u00e9.&nbsp;<\/p>\n<\/div><\/div>\n<\/div>\n<\/div>\n","protected":false},"excerpt":{"rendered":"<p>Priscilla Foureaux coaching confiance en soi, priv\u00e9 ou professionnel\u00a0 Retrouvez moi sur Facebook<\/p>\n","protected":false},"author":1,"featured_media":0,"parent":0,"menu_order":0,"comment_status":"closed","ping_status":"closed","template":"","meta":{"footnotes":""},"class_list":["post-702","page","type-page","status-publish","hentry"],"yoast_head":"<!-- This site is optimized with the Yoast SEO plugin v20.10 - https:\/\/yoast.com\/wordpress\/plugins\/seo\/ -->\n<title>Priscilla Foureaux - Equilibris-Vitae<\/title>\n<meta name=\"description\" content=\"Bien \u00eatre , alimentation, nutrition, \u00e9quilibrage alimentaire, accompagnement, s\u00e9r\u00e9nit\u00e9, sportif, activit\u00e9s physiques, reprise en main\" \/>\n<meta name=\"robots\" content=\"index, follow, max-snippet:-1, max-image-preview:large, max-video-preview:-1\" \/>\n<link rel=\"canonical\" href=\"https:\/\/equilibris-vitae.be\/?page_id=702\" \/>\n<meta property=\"og:locale\" content=\"fr_FR\" \/>\n<meta property=\"og:type\" content=\"article\" \/>\n<meta property=\"og:title\" content=\"Priscilla Foureaux - Equilibris-Vitae\" \/>\n<meta property=\"og:description\" content=\"Bien \u00eatre , alimentation, nutrition, \u00e9quilibrage alimentaire, accompagnement, s\u00e9r\u00e9nit\u00e9, sportif, activit\u00e9s physiques, reprise en main\" \/>\n<meta property=\"og:url\" content=\"https:\/\/equilibris-vitae.be\/?page_id=702\" \/>\n<meta property=\"og:site_name\" content=\"Equilibris-Vitae\" \/>\n<meta property=\"article:modified_time\" content=\"2022-02-09T08:55:10+00:00\" \/>\n<meta property=\"og:image\" content=\"https:\/\/equilibris-vitae.be\/wp-content\/uploads\/2021\/10\/bandeau2-fauteuils.jpg\" \/>\n<meta name=\"twitter:card\" content=\"summary_large_image\" \/>\n<meta name=\"twitter:label1\" content=\"Dur\u00e9e de lecture estim\u00e9e\" \/>\n\t<meta name=\"twitter:data1\" content=\"2 minutes\" \/>\n<script type=\"application\/ld+json\" class=\"yoast-schema-graph\">{\"@context\":\"https:\/\/schema.org\",\"@graph\":[{\"@type\":\"WebPage\",\"@id\":\"https:\/\/equilibris-vitae.be\/?page_id=702\",\"url\":\"https:\/\/equilibris-vitae.be\/?page_id=702\",\"name\":\"Priscilla Foureaux - Equilibris-Vitae\",\"isPartOf\":{\"@id\":\"https:\/\/equilibris-vitae.be\/#website\"},\"datePublished\":\"2021-10-19T12:42:10+00:00\",\"dateModified\":\"2022-02-09T08:55:10+00:00\",\"description\":\"Bien \u00eatre , alimentation, nutrition, \u00e9quilibrage alimentaire, accompagnement, s\u00e9r\u00e9nit\u00e9, sportif, activit\u00e9s physiques, reprise en main\",\"breadcrumb\":{\"@id\":\"https:\/\/equilibris-vitae.be\/?page_id=702#breadcrumb\"},\"inLanguage\":\"fr-FR\",\"potentialAction\":[{\"@type\":\"ReadAction\",\"target\":[\"https:\/\/equilibris-vitae.be\/?page_id=702\"]}]},{\"@type\":\"BreadcrumbList\",\"@id\":\"https:\/\/equilibris-vitae.be\/?page_id=702#breadcrumb\",\"itemListElement\":[{\"@type\":\"ListItem\",\"position\":1,\"name\":\"Accueil\",\"item\":\"https:\/\/equilibris-vitae.be\/\"},{\"@type\":\"ListItem\",\"position\":2,\"name\":\"Priscilla Foureaux\"}]},{\"@type\":\"WebSite\",\"@id\":\"https:\/\/equilibris-vitae.be\/#website\",\"url\":\"https:\/\/equilibris-vitae.be\/\",\"name\":\"Equilibris-Vitae\",\"description\":\"\",\"publisher\":{\"@id\":\"https:\/\/equilibris-vitae.be\/#organization\"},\"potentialAction\":[{\"@type\":\"SearchAction\",\"target\":{\"@type\":\"EntryPoint\",\"urlTemplate\":\"https:\/\/equilibris-vitae.be\/?s={search_term_string}\"},\"query-input\":\"required name=search_term_string\"}],\"inLanguage\":\"fr-FR\"},{\"@type\":\"Organization\",\"@id\":\"https:\/\/equilibris-vitae.be\/#organization\",\"name\":\"Equilibris-Vitae\",\"url\":\"https:\/\/equilibris-vitae.be\/\",\"logo\":{\"@type\":\"ImageObject\",\"inLanguage\":\"fr-FR\",\"@id\":\"https:\/\/equilibris-vitae.be\/#\/schema\/logo\/image\/\",\"url\":\"https:\/\/equilibris-vitae.be\/wp-content\/uploads\/2021\/09\/cropped-logo-ptt-1.png\",\"contentUrl\":\"https:\/\/equilibris-vitae.be\/wp-content\/uploads\/2021\/09\/cropped-logo-ptt-1.png\",\"width\":200,\"height\":200,\"caption\":\"Equilibris-Vitae\"},\"image\":{\"@id\":\"https:\/\/equilibris-vitae.be\/#\/schema\/logo\/image\/\"}}]}<\/script>\n<!-- \/ Yoast SEO plugin. -->","yoast_head_json":{"title":"Priscilla Foureaux - Equilibris-Vitae","description":"Bien \u00eatre , alimentation, nutrition, \u00e9quilibrage alimentaire, accompagnement, s\u00e9r\u00e9nit\u00e9, sportif, activit\u00e9s physiques, reprise en main","robots":{"index":"index","follow":"follow","max-snippet":"max-snippet:-1","max-image-preview":"max-image-preview:large","max-video-preview":"max-video-preview:-1"},"canonical":"https:\/\/equilibris-vitae.be\/?page_id=702","og_locale":"fr_FR","og_type":"article","og_title":"Priscilla Foureaux - Equilibris-Vitae","og_description":"Bien \u00eatre , alimentation, nutrition, \u00e9quilibrage alimentaire, accompagnement, s\u00e9r\u00e9nit\u00e9, sportif, activit\u00e9s physiques, reprise en main","og_url":"https:\/\/equilibris-vitae.be\/?page_id=702","og_site_name":"Equilibris-Vitae","article_modified_time":"2022-02-09T08:55:10+00:00","og_image":[{"url":"https:\/\/equilibris-vitae.be\/wp-content\/uploads\/2021\/10\/bandeau2-fauteuils.jpg"}],"twitter_card":"summary_large_image","twitter_misc":{"Dur\u00e9e de lecture estim\u00e9e":"2 minutes"},"schema":{"@context":"https:\/\/schema.org","@graph":[{"@type":"WebPage","@id":"https:\/\/equilibris-vitae.be\/?page_id=702","url":"https:\/\/equilibris-vitae.be\/?page_id=702","name":"Priscilla Foureaux - Equilibris-Vitae","isPartOf":{"@id":"https:\/\/equilibris-vitae.be\/#website"},"datePublished":"2021-10-19T12:42:10+00:00","dateModified":"2022-02-09T08:55:10+00:00","description":"Bien \u00eatre , alimentation, nutrition, \u00e9quilibrage alimentaire, accompagnement, s\u00e9r\u00e9nit\u00e9, sportif, activit\u00e9s physiques, reprise en main","breadcrumb":{"@id":"https:\/\/equilibris-vitae.be\/?page_id=702#breadcrumb"},"inLanguage":"fr-FR","potentialAction":[{"@type":"ReadAction","target":["https:\/\/equilibris-vitae.be\/?page_id=702"]}]},{"@type":"BreadcrumbList","@id":"https:\/\/equilibris-vitae.be\/?page_id=702#breadcrumb","itemListElement":[{"@type":"ListItem","position":1,"name":"Accueil","item":"https:\/\/equilibris-vitae.be\/"},{"@type":"ListItem","position":2,"name":"Priscilla Foureaux"}]},{"@type":"WebSite","@id":"https:\/\/equilibris-vitae.be\/#website","url":"https:\/\/equilibris-vitae.be\/","name":"Equilibris-Vitae","description":"","publisher":{"@id":"https:\/\/equilibris-vitae.be\/#organization"},"potentialAction":[{"@type":"SearchAction","target":{"@type":"EntryPoint","urlTemplate":"https:\/\/equilibris-vitae.be\/?s={search_term_string}"},"query-input":"required name=search_term_string"}],"inLanguage":"fr-FR"},{"@type":"Organization","@id":"https:\/\/equilibris-vitae.be\/#organization","name":"Equilibris-Vitae","url":"https:\/\/equilibris-vitae.be\/","logo":{"@type":"ImageObject","inLanguage":"fr-FR","@id":"https:\/\/equilibris-vitae.be\/#\/schema\/logo\/image\/","url":"https:\/\/equilibris-vitae.be\/wp-content\/uploads\/2021\/09\/cropped-logo-ptt-1.png","contentUrl":"https:\/\/equilibris-vitae.be\/wp-content\/uploads\/2021\/09\/cropped-logo-ptt-1.png","width":200,"height":200,"caption":"Equilibris-Vitae"},"image":{"@id":"https:\/\/equilibris-vitae.be\/#\/schema\/logo\/image\/"}}]}},"_links":{"self":[{"href":"https:\/\/equilibris-vitae.be\/index.php?rest_route=\/wp\/v2\/pages\/702","targetHints":{"allow":["GET"]}}],"collection":[{"href":"https:\/\/equilibris-vitae.be\/index.php?rest_route=\/wp\/v2\/pages"}],"about":[{"href":"https:\/\/equilibris-vitae.be\/index.php?rest_route=\/wp\/v2\/types\/page"}],"author":[{"embeddable":true,"href":"https:\/\/equilibris-vitae.be\/index.php?rest_route=\/wp\/v2\/users\/1"}],"replies":[{"embeddable":true,"href":"https:\/\/equilibris-vitae.be\/index.php?rest_route=%2Fwp%2Fv2%2Fcomments&post=702"}],"version-history":[{"count":32,"href":"https:\/\/equilibris-vitae.be\/index.php?rest_route=\/wp\/v2\/pages\/702\/revisions"}],"predecessor-version":[{"id":1066,"href":"https:\/\/equilibris-vitae.be\/index.php?rest_route=\/wp\/v2\/pages\/702\/revisions\/1066"}],"wp:attachment":[{"href":"https:\/\/equilibris-vitae.be\/index.php?rest_route=%2Fwp%2Fv2%2Fmedia&parent=702"}],"curies":[{"name":"wp","href":"https:\/\/api.w.org\/{rel}","templated":true}]}}