{"id":76,"date":"2021-09-19T18:26:57","date_gmt":"2021-09-19T18:26:57","guid":{"rendered":"https:\/\/equilibris-vitae.be\/?page_id=76"},"modified":"2022-02-09T08:57:51","modified_gmt":"2022-02-09T08:57:51","slug":"centre-equilibris-vitae","status":"publish","type":"page","link":"https:\/\/equilibris-vitae.be\/?page_id=76","title":{"rendered":"Ateliers"},"content":{"rendered":"\n<figure class=\"wp-block-image alignfull size-large\"><img loading=\"lazy\" decoding=\"async\" width=\"1024\" height=\"390\" src=\"https:\/\/equilibris-vitae.be\/wp-content\/uploads\/2021\/10\/EQUILIBRE-1-1024x390.jpg\" alt=\"ateliers equilibris vitae\" class=\"wp-image-770\" srcset=\"https:\/\/equilibris-vitae.be\/wp-content\/uploads\/2021\/10\/EQUILIBRE-1-1024x390.jpg 1024w, https:\/\/equilibris-vitae.be\/wp-content\/uploads\/2021\/10\/EQUILIBRE-1-300x114.jpg 300w, https:\/\/equilibris-vitae.be\/wp-content\/uploads\/2021\/10\/EQUILIBRE-1-768x292.jpg 768w, https:\/\/equilibris-vitae.be\/wp-content\/uploads\/2021\/10\/EQUILIBRE-1-1536x585.jpg 1536w, https:\/\/equilibris-vitae.be\/wp-content\/uploads\/2021\/10\/EQUILIBRE-1-2048x780.jpg 2048w\" sizes=\"auto, (max-width: 1024px) 100vw, 1024px\" \/><\/figure>\n\n\n\n<p class=\"has-text-align-center has-text-color\" style=\"color:#005063;font-size:18px\">Le Centre<span style=\"color:#8c612a\" class=\"has-inline-color\"> Equilibris Vitae<\/span> est un centre qui regroupe en un seul endroit les diff\u00e9rentes &nbsp;disciplines orient\u00e9es sur le bien-\u00eatre. <br>Il s\u2019agit de prendre en charge de mani\u00e8re globale vos attentes en mati\u00e8re de bien-\u00eatre, d\u2019alimentation et d\u2019activit\u00e9 physique.<\/p>\n\n\n\n<p class=\"has-text-align-center has-text-color\" style=\"color:#005063;font-size:18px\">Pour se&nbsp; faire, vous \u00eates entour\u00e9s de diff\u00e9rents professionnels sp\u00e9cialis\u00e9s.<\/p>\n\n\n\n<p class=\"has-text-align-center has-text-color\" style=\"color:#005063;font-size:18px\">Le trait d\u2019union des diff\u00e9rentes disciplines reste orient\u00e9 sur une alimentation \u00e9quilibr\u00e9e  ET  un activit\u00e9 physique r\u00e9guli\u00e8re.<\/p>\n\n\n\n<div style=\"height:100px\" aria-hidden=\"true\" class=\"wp-block-spacer\"><\/div>\n\n\n\n<div class=\"wp-block-group\"><div class=\"wp-block-group__inner-container is-layout-flow wp-block-group-is-layout-flow\">\n<div class=\"wp-block-columns is-layout-flex wp-container-core-columns-is-layout-9d6595d7 wp-block-columns-is-layout-flex\">\n<div class=\"wp-block-column is-layout-flow wp-block-column-is-layout-flow\">\n<div class=\"wp-block-columns is-layout-flex wp-container-core-columns-is-layout-9d6595d7 wp-block-columns-is-layout-flex\">\n<div class=\"wp-block-column is-layout-flow wp-block-column-is-layout-flow\">\n<div class=\"wp-block-image\"><figure class=\"aligncenter size-full\"><img loading=\"lazy\" decoding=\"async\" width=\"200\" height=\"200\" src=\"https:\/\/equilibris-vitae.be\/wp-content\/uploads\/2021\/10\/chrono2-1.png\" alt=\"\" class=\"wp-image-403\" srcset=\"https:\/\/equilibris-vitae.be\/wp-content\/uploads\/2021\/10\/chrono2-1.png 200w, https:\/\/equilibris-vitae.be\/wp-content\/uploads\/2021\/10\/chrono2-1-150x150.png 150w\" sizes=\"auto, (max-width: 200px) 100vw, 200px\" \/><\/figure><\/div>\n\n\n\n<p class=\"has-text-align-center has-medium-font-size\"><strong><span style=\"color:#c4770f\" class=\"has-inline-color\">ATELIER<\/span><\/strong><\/p>\n\n\n\n<p class=\"has-text-align-center has-medium-font-size\"><mark style=\"background-color:rgba(0, 0, 0, 0);color:#009cb4\" class=\"has-inline-color\"><strong>UN NOUVEAU MOI !<\/strong><br>(particuliers)<\/mark><\/p>\n\n\n\n<p class=\"has-text-align-center\"><em><mark style=\"background-color:rgba(0, 0, 0, 0);color:#009cb4\" class=\"has-inline-color\">Envie de vivre une vous qui vous ressemble ?<\/mark><\/em><br><\/p>\n\n\n\n<p><\/p>\n\n\n\n<div class=\"wp-block-buttons is-horizontal is-content-justification-center is-layout-flex wp-container-core-buttons-is-layout-499968f5 wp-block-buttons-is-layout-flex\"><\/div>\n\n\n\n<p class=\"has-text-align-center has-medium-font-size\"><mark style=\"background-color:rgba(0, 0, 0, 0);color:#005063\" class=\"has-inline-color\"><strong>B\u00e9n\u00e9fices de ce coaching<\/strong><\/mark><\/p>\n\n\n\n<p class=\"has-text-align-center has-medium-font-size\" style=\"line-height:1.4\"><mark style=\"background-color:rgba(0, 0, 0, 0);color:#005063\" class=\"has-inline-color\">Vous d\u00e9tectez vos potentialit\u00e9s (outil de d\u00e9couverte de soi).<\/mark><\/p>\n\n\n\n<hr class=\"wp-block-separator is-style-dots\"\/>\n\n\n\n<p class=\"has-text-align-center has-medium-font-size\" style=\"line-height:1.4\"><mark style=\"background-color:rgba(0, 0, 0, 0);color:#005063\" class=\"has-inline-color\">Vous renforcez votre \u00e9nergie par l&rsquo;alimentation et l&rsquo;activit\u00e9 physique (bien choisir et \u00e9quilibrer ses apports alimentaires et faire circuler le tout).<\/mark><\/p>\n\n\n\n<hr class=\"wp-block-separator is-style-dots\"\/>\n\n\n\n<p class=\"has-text-align-center has-medium-font-size\" style=\"line-height:1.4\"><mark style=\"background-color:rgba(0, 0, 0, 0);color:#005063\" class=\"has-inline-color\">Vous ressourcez ainsi vos projets en pleine conscience<\/mark> <mark style=\"background-color:rgba(0, 0, 0, 0);color:#005063\" class=\"has-inline-color\"> <\/mark><br><mark style=\"background-color:rgba(0, 0, 0, 0);color:#005063\" class=\"has-inline-color\">(outil de transition professionnelle ou de vie).<\/mark><\/p>\n\n\n\n<p class=\"has-medium-font-size\"><\/p>\n<\/div>\n\n\n\n<div class=\"wp-block-column is-layout-flow wp-block-column-is-layout-flow\" style=\"flex-basis:150px\"><\/div>\n\n\n\n<div class=\"wp-block-column is-layout-flow wp-block-column-is-layout-flow\">\n<div class=\"wp-block-image\"><figure class=\"aligncenter size-full\"><img loading=\"lazy\" decoding=\"async\" width=\"200\" height=\"200\" src=\"https:\/\/equilibris-vitae.be\/wp-content\/uploads\/2021\/10\/chrono2-1.png\" alt=\"\" class=\"wp-image-403\" srcset=\"https:\/\/equilibris-vitae.be\/wp-content\/uploads\/2021\/10\/chrono2-1.png 200w, https:\/\/equilibris-vitae.be\/wp-content\/uploads\/2021\/10\/chrono2-1-150x150.png 150w\" sizes=\"auto, (max-width: 200px) 100vw, 200px\" \/><\/figure><\/div>\n\n\n\n<p class=\"has-text-align-center has-medium-font-size\"><strong><span style=\"color:#c4770f\" class=\"has-inline-color\">ATELIER<\/span><\/strong><\/p>\n\n\n\n<p class=\"has-text-align-center has-medium-font-size\"><mark style=\"background-color:rgba(0, 0, 0, 0);color:#009cb4\" class=\"has-inline-color\"><strong>UN NOUVEAU NOUS !<\/strong><br>(entreprises)<\/mark><\/p>\n\n\n\n<p class=\"has-text-align-center\"><em><span style=\"color:#009cb4\" class=\"has-inline-color\">Envie de d\u00e9cupler l&rsquo;envie, l&rsquo;\u00e9nergie et la motivation de votre \u00e9quipe ?<\/span><\/em><\/p>\n\n\n\n<div class=\"wp-block-buttons is-horizontal is-content-justification-center is-layout-flex wp-container-core-buttons-is-layout-499968f5 wp-block-buttons-is-layout-flex\">\n<div class=\"wp-block-button\"><a class=\"wp-block-button__link\" href=\"https:\/\/equilibris-vitae.be\/?page_id=236\">En savoir plus<\/a><\/div>\n<\/div>\n\n\n\n<p class=\"has-text-align-center has-medium-font-size\"><mark style=\"background-color:rgba(0, 0, 0, 0);color:#005063\" class=\"has-inline-color\"><strong>B\u00e9n\u00e9fices de ce coaching<\/strong><\/mark><\/p>\n\n\n\n<p class=\"has-text-align-center has-medium-font-size\" style=\"line-height:1.4\"><mark style=\"background-color:rgba(0, 0, 0, 0);color:#005063\" class=\"has-inline-color\">Vous renforcez la confiance de vos collaborateurs, leur bien-\u00eatre moral et physique.<\/mark><\/p>\n\n\n\n<hr class=\"wp-block-separator is-style-dots\"\/>\n\n\n\n<p class=\"has-text-align-center has-medium-font-size\" style=\"line-height:1.4\"><mark style=\"background-color:rgba(0, 0, 0, 0);color:#005063\" class=\"has-inline-color\">Vous fluidifiez la communication<\/mark><br><mark style=\"background-color:rgba(0, 0, 0, 0);color:#005063\" class=\"has-inline-color\"> au sein des \u00e9quipes.<\/mark><\/p>\n\n\n\n<hr class=\"wp-block-separator is-style-dots\"\/>\n\n\n\n<p class=\"has-text-align-center has-medium-font-size\" style=\"line-height:1.4\"><mark style=\"background-color:rgba(0, 0, 0, 0);color:#005063\" class=\"has-inline-color\">Vous ressourcez vos projets en renfor\u00e7ant les performances individuelles et collectives.<\/mark><\/p>\n<\/div>\n<\/div>\n<\/div>\n<\/div>\n\n\n\n<div style=\"height:100px\" aria-hidden=\"true\" class=\"wp-block-spacer\"><\/div>\n\n\n\n<p class=\"has-text-align-center has-medium-font-size\"> <span style=\"color:#009cb4\" class=\"has-inline-color\"><strong>S\u00e9ances interactives et outill\u00e9es.<br>Chacun est invit\u00e9 \u00e0 actionner ses propres ressources pour passer \u00e0 l&rsquo;action.<\/strong><\/span> <\/p>\n\n\n\n<center><a href=\"https:\/\/equilibris-vitae.be\/?page_id=2\" <=\"\" a=\"\"><input type=\"button\" value=\"JE PRENDS RENDEZ-VOUS\"><\/a><\/center>\n\n\n\n<div style=\"height:100px\" aria-hidden=\"true\" class=\"wp-block-spacer\"><\/div>\n\n\n\n<div class=\"wp-block-columns is-layout-flex wp-container-core-columns-is-layout-9d6595d7 wp-block-columns-is-layout-flex\">\n<div class=\"wp-block-column is-layout-flow wp-block-column-is-layout-flow\" style=\"flex-basis:100%\">\n<div class=\"wp-block-columns is-layout-flex wp-container-core-columns-is-layout-9d6595d7 wp-block-columns-is-layout-flex\">\n<div class=\"wp-block-column is-layout-flow wp-block-column-is-layout-flow\">\n<div class=\"wp-block-image\"><figure class=\"aligncenter size-large is-resized\"><img loading=\"lazy\" decoding=\"async\" src=\"https:\/\/equilibris-vitae.be\/wp-content\/uploads\/2021\/09\/thumbnail_IMG_3655-3-768x1024.jpg\" alt=\"\" class=\"wp-image-80\" width=\"324\" height=\"432\" srcset=\"https:\/\/equilibris-vitae.be\/wp-content\/uploads\/2021\/09\/thumbnail_IMG_3655-3-768x1024.jpg 768w, https:\/\/equilibris-vitae.be\/wp-content\/uploads\/2021\/09\/thumbnail_IMG_3655-3-225x300.jpg 225w, https:\/\/equilibris-vitae.be\/wp-content\/uploads\/2021\/09\/thumbnail_IMG_3655-3.jpg 960w\" sizes=\"auto, (max-width: 324px) 100vw, 324px\" \/><\/figure><\/div>\n<\/div>\n\n\n\n<div class=\"wp-block-column is-layout-flow wp-block-column-is-layout-flow\">\n<div class=\"wp-block-image\"><figure class=\"aligncenter size-full is-resized\"><img loading=\"lazy\" decoding=\"async\" src=\"https:\/\/equilibris-vitae.be\/wp-content\/uploads\/2021\/09\/thumbnail_IMG_4316-1-rotated.jpg\" alt=\"\" class=\"wp-image-123\" width=\"324\" height=\"432\" srcset=\"https:\/\/equilibris-vitae.be\/wp-content\/uploads\/2021\/09\/thumbnail_IMG_4316-1-rotated.jpg 240w, https:\/\/equilibris-vitae.be\/wp-content\/uploads\/2021\/09\/thumbnail_IMG_4316-1-225x300.jpg 225w\" sizes=\"auto, (max-width: 324px) 100vw, 324px\" \/><\/figure><\/div>\n<\/div>\n<\/div>\n<\/div>\n<\/div>\n\n\n\n<div style=\"height:100px\" aria-hidden=\"true\" class=\"wp-block-spacer\"><\/div>\n<\/div><\/div>\n\n\n\n<p class=\"has-text-align-center has-text-color\" style=\"color:#005063;font-size:18px\">Le Centre <span style=\"color:#8c612a\" class=\"has-inline-color\">Equilibris Vitae<\/span> est aussi un espace d\u00e9di\u00e9 \u00e0 des ateliers sp\u00e9cifiques autour des m\u00eames th\u00e8mes que ceux d\u00e9velopp\u00e9s <br>et pr\u00e9sent\u00e9s par GRUSLIN Claire et VITA Vincenzo .<br><\/p>\n\n\n\n<p class=\"has-text-align-center has-text-color\" style=\"color:#005063;font-size:18px\">Envie de renforcer votre identit\u00e9 personnelle, d\u2019y associer l&rsquo;\u00e9nergie n\u00e9cessaire et d&rsquo;explorer de nouvelles&nbsp;pistes de&nbsp;carri\u00e8re ?&nbsp;<\/p>\n\n\n\n<p><br><br><\/p>\n\n\n\n<hr class=\"wp-block-separator aligncenter has-text-color has-background has-pale-cyan-blue-background-color has-pale-cyan-blue-color is-style-wide\"\/>\n\n\n\n<p><\/p>\n\n\n\n<p><\/p>\n","protected":false},"excerpt":{"rendered":"<p>Le Centre Equilibris Vitae est un centre qui regroupe en un seul endroit les diff\u00e9rentes &nbsp;disciplines orient\u00e9es sur le bien-\u00eatre. Il s\u2019agit de prendre en charge de mani\u00e8re globale vos attentes en mati\u00e8re de bien-\u00eatre, d\u2019alimentation et d\u2019activit\u00e9 physique. Pour se&nbsp; faire, vous \u00eates entour\u00e9s de diff\u00e9rents professionnels sp\u00e9cialis\u00e9s. Le trait d\u2019union des diff\u00e9rentes disciplines &hellip;<\/p>\n","protected":false},"author":1,"featured_media":0,"parent":0,"menu_order":0,"comment_status":"closed","ping_status":"closed","template":"","meta":{"footnotes":""},"class_list":["post-76","page","type-page","status-publish","hentry"],"yoast_head":"<!-- This site is optimized with the Yoast SEO plugin v20.10 - https:\/\/yoast.com\/wordpress\/plugins\/seo\/ -->\n<title>Ateliers - Equilibris-Vitae<\/title>\n<meta name=\"description\" content=\"Bien \u00eatre , alimentation, nutrition, \u00e9quilibrage alimentaire, accompagnement, s\u00e9r\u00e9nit\u00e9, sportif, activit\u00e9s physiques, reprise en main\" \/>\n<meta name=\"robots\" content=\"index, follow, max-snippet:-1, max-image-preview:large, max-video-preview:-1\" \/>\n<link rel=\"canonical\" href=\"https:\/\/equilibris-vitae.be\/?page_id=76\" \/>\n<meta property=\"og:locale\" content=\"fr_FR\" \/>\n<meta property=\"og:type\" content=\"article\" \/>\n<meta property=\"og:title\" content=\"Ateliers - Equilibris-Vitae\" \/>\n<meta property=\"og:description\" content=\"Bien \u00eatre , alimentation, nutrition, \u00e9quilibrage alimentaire, accompagnement, s\u00e9r\u00e9nit\u00e9, sportif, activit\u00e9s physiques, reprise en main\" \/>\n<meta property=\"og:url\" content=\"https:\/\/equilibris-vitae.be\/?page_id=76\" \/>\n<meta property=\"og:site_name\" content=\"Equilibris-Vitae\" \/>\n<meta property=\"article:modified_time\" content=\"2022-02-09T08:57:51+00:00\" \/>\n<meta property=\"og:image\" content=\"https:\/\/equilibris-vitae.be\/wp-content\/uploads\/2021\/10\/EQUILIBRE-1-1024x390.jpg\" \/>\n<meta name=\"twitter:card\" content=\"summary_large_image\" \/>\n<meta name=\"twitter:label1\" content=\"Dur\u00e9e de lecture estim\u00e9e\" \/>\n\t<meta name=\"twitter:data1\" content=\"3 minutes\" \/>\n<script type=\"application\/ld+json\" class=\"yoast-schema-graph\">{\"@context\":\"https:\/\/schema.org\",\"@graph\":[{\"@type\":\"WebPage\",\"@id\":\"https:\/\/equilibris-vitae.be\/?page_id=76\",\"url\":\"https:\/\/equilibris-vitae.be\/?page_id=76\",\"name\":\"Ateliers - Equilibris-Vitae\",\"isPartOf\":{\"@id\":\"https:\/\/equilibris-vitae.be\/#website\"},\"datePublished\":\"2021-09-19T18:26:57+00:00\",\"dateModified\":\"2022-02-09T08:57:51+00:00\",\"description\":\"Bien \u00eatre , alimentation, nutrition, \u00e9quilibrage alimentaire, accompagnement, s\u00e9r\u00e9nit\u00e9, sportif, activit\u00e9s physiques, reprise en main\",\"breadcrumb\":{\"@id\":\"https:\/\/equilibris-vitae.be\/?page_id=76#breadcrumb\"},\"inLanguage\":\"fr-FR\",\"potentialAction\":[{\"@type\":\"ReadAction\",\"target\":[\"https:\/\/equilibris-vitae.be\/?page_id=76\"]}]},{\"@type\":\"BreadcrumbList\",\"@id\":\"https:\/\/equilibris-vitae.be\/?page_id=76#breadcrumb\",\"itemListElement\":[{\"@type\":\"ListItem\",\"position\":1,\"name\":\"Accueil\",\"item\":\"https:\/\/equilibris-vitae.be\/\"},{\"@type\":\"ListItem\",\"position\":2,\"name\":\"Ateliers\"}]},{\"@type\":\"WebSite\",\"@id\":\"https:\/\/equilibris-vitae.be\/#website\",\"url\":\"https:\/\/equilibris-vitae.be\/\",\"name\":\"Equilibris-Vitae\",\"description\":\"\",\"publisher\":{\"@id\":\"https:\/\/equilibris-vitae.be\/#organization\"},\"potentialAction\":[{\"@type\":\"SearchAction\",\"target\":{\"@type\":\"EntryPoint\",\"urlTemplate\":\"https:\/\/equilibris-vitae.be\/?s={search_term_string}\"},\"query-input\":\"required name=search_term_string\"}],\"inLanguage\":\"fr-FR\"},{\"@type\":\"Organization\",\"@id\":\"https:\/\/equilibris-vitae.be\/#organization\",\"name\":\"Equilibris-Vitae\",\"url\":\"https:\/\/equilibris-vitae.be\/\",\"logo\":{\"@type\":\"ImageObject\",\"inLanguage\":\"fr-FR\",\"@id\":\"https:\/\/equilibris-vitae.be\/#\/schema\/logo\/image\/\",\"url\":\"https:\/\/equilibris-vitae.be\/wp-content\/uploads\/2021\/09\/cropped-logo-ptt-1.png\",\"contentUrl\":\"https:\/\/equilibris-vitae.be\/wp-content\/uploads\/2021\/09\/cropped-logo-ptt-1.png\",\"width\":200,\"height\":200,\"caption\":\"Equilibris-Vitae\"},\"image\":{\"@id\":\"https:\/\/equilibris-vitae.be\/#\/schema\/logo\/image\/\"}}]}<\/script>\n<!-- \/ Yoast SEO plugin. -->","yoast_head_json":{"title":"Ateliers - Equilibris-Vitae","description":"Bien \u00eatre , alimentation, nutrition, \u00e9quilibrage alimentaire, accompagnement, s\u00e9r\u00e9nit\u00e9, sportif, activit\u00e9s physiques, reprise en main","robots":{"index":"index","follow":"follow","max-snippet":"max-snippet:-1","max-image-preview":"max-image-preview:large","max-video-preview":"max-video-preview:-1"},"canonical":"https:\/\/equilibris-vitae.be\/?page_id=76","og_locale":"fr_FR","og_type":"article","og_title":"Ateliers - Equilibris-Vitae","og_description":"Bien \u00eatre , alimentation, nutrition, \u00e9quilibrage alimentaire, accompagnement, s\u00e9r\u00e9nit\u00e9, sportif, activit\u00e9s physiques, reprise en main","og_url":"https:\/\/equilibris-vitae.be\/?page_id=76","og_site_name":"Equilibris-Vitae","article_modified_time":"2022-02-09T08:57:51+00:00","og_image":[{"url":"https:\/\/equilibris-vitae.be\/wp-content\/uploads\/2021\/10\/EQUILIBRE-1-1024x390.jpg"}],"twitter_card":"summary_large_image","twitter_misc":{"Dur\u00e9e de lecture estim\u00e9e":"3 minutes"},"schema":{"@context":"https:\/\/schema.org","@graph":[{"@type":"WebPage","@id":"https:\/\/equilibris-vitae.be\/?page_id=76","url":"https:\/\/equilibris-vitae.be\/?page_id=76","name":"Ateliers - Equilibris-Vitae","isPartOf":{"@id":"https:\/\/equilibris-vitae.be\/#website"},"datePublished":"2021-09-19T18:26:57+00:00","dateModified":"2022-02-09T08:57:51+00:00","description":"Bien \u00eatre , alimentation, nutrition, \u00e9quilibrage alimentaire, accompagnement, s\u00e9r\u00e9nit\u00e9, sportif, activit\u00e9s physiques, reprise en main","breadcrumb":{"@id":"https:\/\/equilibris-vitae.be\/?page_id=76#breadcrumb"},"inLanguage":"fr-FR","potentialAction":[{"@type":"ReadAction","target":["https:\/\/equilibris-vitae.be\/?page_id=76"]}]},{"@type":"BreadcrumbList","@id":"https:\/\/equilibris-vitae.be\/?page_id=76#breadcrumb","itemListElement":[{"@type":"ListItem","position":1,"name":"Accueil","item":"https:\/\/equilibris-vitae.be\/"},{"@type":"ListItem","position":2,"name":"Ateliers"}]},{"@type":"WebSite","@id":"https:\/\/equilibris-vitae.be\/#website","url":"https:\/\/equilibris-vitae.be\/","name":"Equilibris-Vitae","description":"","publisher":{"@id":"https:\/\/equilibris-vitae.be\/#organization"},"potentialAction":[{"@type":"SearchAction","target":{"@type":"EntryPoint","urlTemplate":"https:\/\/equilibris-vitae.be\/?s={search_term_string}"},"query-input":"required name=search_term_string"}],"inLanguage":"fr-FR"},{"@type":"Organization","@id":"https:\/\/equilibris-vitae.be\/#organization","name":"Equilibris-Vitae","url":"https:\/\/equilibris-vitae.be\/","logo":{"@type":"ImageObject","inLanguage":"fr-FR","@id":"https:\/\/equilibris-vitae.be\/#\/schema\/logo\/image\/","url":"https:\/\/equilibris-vitae.be\/wp-content\/uploads\/2021\/09\/cropped-logo-ptt-1.png","contentUrl":"https:\/\/equilibris-vitae.be\/wp-content\/uploads\/2021\/09\/cropped-logo-ptt-1.png","width":200,"height":200,"caption":"Equilibris-Vitae"},"image":{"@id":"https:\/\/equilibris-vitae.be\/#\/schema\/logo\/image\/"}}]}},"_links":{"self":[{"href":"https:\/\/equilibris-vitae.be\/index.php?rest_route=\/wp\/v2\/pages\/76","targetHints":{"allow":["GET"]}}],"collection":[{"href":"https:\/\/equilibris-vitae.be\/index.php?rest_route=\/wp\/v2\/pages"}],"about":[{"href":"https:\/\/equilibris-vitae.be\/index.php?rest_route=\/wp\/v2\/types\/page"}],"author":[{"embeddable":true,"href":"https:\/\/equilibris-vitae.be\/index.php?rest_route=\/wp\/v2\/users\/1"}],"replies":[{"embeddable":true,"href":"https:\/\/equilibris-vitae.be\/index.php?rest_route=%2Fwp%2Fv2%2Fcomments&post=76"}],"version-history":[{"count":56,"href":"https:\/\/equilibris-vitae.be\/index.php?rest_route=\/wp\/v2\/pages\/76\/revisions"}],"predecessor-version":[{"id":1070,"href":"https:\/\/equilibris-vitae.be\/index.php?rest_route=\/wp\/v2\/pages\/76\/revisions\/1070"}],"wp:attachment":[{"href":"https:\/\/equilibris-vitae.be\/index.php?rest_route=%2Fwp%2Fv2%2Fmedia&parent=76"}],"curies":[{"name":"wp","href":"https:\/\/api.w.org\/{rel}","templated":true}]}}